84575
In base 4, what is 3123232213 - 1?
3123232212
In base 5, what is 330 + 4131?
10011
In base 8, what is 21 + -113?
-72
In base 16, what is -16a - -150?
-1a
In base 12, what is 2 - -160b1b?
160b21
In base 6, what is 115154 - -53?
115251
In base 11, what is -16 - 114850?
-114866
In base 14, what is 12b - b2?
59
In base 15, what is 10 - 9a1?
-991
In base 9, what is 0 - 605675?
-605675
In base 14, what is 11b - -140?
25b
In base 4, what is 1202302 + -1131?
1201111
In base 8, what is -535 + -524?
-1261
In base 2, what is -11010 + -11111110110?
-100000010000
In base 4, what is -103 - -3213112?
3213003
In base 12, what is 44 - b8a6?
-b862
In base 12, what is -4 + -11111?
-11115
In base 15, what is 15e + -4?
15a
In base 16, what is -bb8 + a?
-bae
In base 2, what is 110101100 + 101010101101?
110001011001
In base 13, what is -2 - 19a8?
-19aa
In base 4, what is 0 + -3021222?
-3021222
In base 4, what is -10 - 2311023031?
-2311023101
In base 5, what is 40 + 1442220?
1442310
In base 6, what is 3055 + 43?
3142
In base 14, what is 1 + 1adc5b?
1adc5c
In base 15, what is -29e47b + -5?
-29e481
In base 10, what is -4 + -5482?
-5486
In base 8, what is 0 + -105672?
-105672
In base 14, what is -26d38 + -a?
-26d44
In base 12, what is 1010b - -36?
10145
In base 7, what is 1 - 6552?
-6551
In base 6, what is -120402 - 5?
-120411
In base 11, what is -891 + aa?
-792
In base 12, what is 5aa0 - -b3?
5b93
In base 8, what is -102437 + 31?
-102406
In base 6, what is -100 - -120104?
120004
In base 15, what is 93951a + 4?
93951e
In base 9, what is 1 - -134777?
134778
In base 16, what is 0 + 4f5?
4f5
In base 9, what is 22308 - 3?
22305
In base 7, what is -6123 - -134?
-5656
In base 14, what is -222211 + -5?
-222216
In base 11, what is 2a49 + 5?
2a53
In base 4, what is -31 - 133312?
-200003
In base 5, what is 0 - 300032?
-300032
In base 15, what is -11 - -6a93?
6a82
In base 13, what is -5 + -60b02?
-60b07
In base 13, what is 1c68 + 1?
1c69
In base 2, what is -10000000101010101011 - -1?
-10000000101010101010
In base 3, what is -12101010110 + 12?
-12101010021
In base 6, what is -5314 - -1215?
-4055
In base 5, what is 1030100421 - 10?
1030100411
In base 3, what is 11 + -2001121201?
-2001121120
In base 13, what is 2 - 10153?
-10151
In base 4, what is 1201033 - 2?
1201031
In base 10, what is -2748591 + 5?
-2748586
In base 3, what is -210221 - 0?
-210221
In base 4, what is -2332011 - 10?
-2332021
In base 15, what is -4e9 - -1a1?
-348
In base 11, what is 12 - -21836?
21848
In base 5, what is -134 + -1231?
-1420
In base 15, what is 4 + 6db?
6e0
In base 12, what is 1 - -1b57?
1b58
In base 10, what is 1177 - 179?
998
In base 11, what is -234 + -3?
-237
In base 5, what is -113413 - 43?
-114011
In base 4, what is 10303 + 223?
11132
In base 15, what is -23a82 + 5?
-23a7c
In base 4, what is -13213 + 11220?
-1333
In base 3, what is -2021122100010 - 10?
-2021122100020
In base 6, what is -42 + 5434?
5352
In base 15, what is -10 + 3100c?
30eec
In base 10, what is -16 + 14365?
14349
In base 16, what is -48be8 - 4?
-48bec
In base 3, what is -1112201222 - 1110?
-1112210102
In base 6, what is 134104 - 20?
134044
In base 11, what is -30 - 192?
-212
In base 6, what is -14301235 - -4?
-14301231
In base 11, what is -26209 - -3?
-26206
In base 8, what is -20 + 543?
523
In base 11, what is -1319 + -338?
-1656
In base 14, what is -2 + 1bab?
1ba9
In base 11, what is -15206 - 4?
-1520a
In base 5, what is 13300442 - -31?
13301023
In base 9, what is 427554 - 0?
427554
In base 12, what is 4906 - 5?
4901
In base 12, what is 144 - 19a5?
-1861
In base 4, what is -1102300301 + 30?
-1102300211
In base 3, what is 12212 + 1211222?
2001211
In base 13, what is -4 - -153544?
153540
In base 2, what is -11 - 1100101101111010?
-1100101101111101
In base 6, what is 5203531 + 4?
5203535
In base 13, what is -7 - 4268b?
-42695
In base 9, what is 0 + 170867?
170867
In base 10, what is -28 + -9696?
-9724
In base 2, what is 11100101001100 + 100001?
11100101101101
In base 8, what is -72760 - -2?
-72756
In base 10, what is 35 + 516?
551
In base 11, what is -1 - 17a11?
-17a12
In base 16, what is -1 + -b61d?
-b61e
In base 8, what is -20206 - 4?
-20212
In base 4, what is -132133 + 100?
-132033
In base 9, what is -38 - 753?
-802
In base 13, what is 55655 - 4?
55651
In base 2, what is -101000110 - 111110101110?
-1000011110100
In base 14, what is -3 + 7297?
7294
In base 4, what is 311010 - -3231?
320301
In base 12, what is 1 + 8a580?
8a581
In base 2, what is 100 - 10001001001010?
-10001001000110
In base 12, what is 6 - 2a79?
-2a73
In base 11, what is 5 - -100285?
10028a
In base 11, what is -1a - 74353?
-74372
In base 2, what is 0 + -1011101111010100100?
-1011101111010100100
In base 5, what is 0 + 31413?
31413
In base 12, what is 3033 - 26?
3009
In base 7, what is 5 + 1022343?
1022351
In base 12, what is -573 - 2b0?
-863
In base 6, what is 1 - 300245?
-300244
In base 16, what is -6750e + -5?
-67513
In base 6, what is -2 + 1434253?
1434251
In base 7, what is 134 + 26053?
26220
In base 4, what is -301 + 200121?
133220
In base 10, what is -372153 - -9?
-372144
In base 2, what is -1110010101100001 - 11?
-1110010101100100
In base 7, what is -16040 - 53?
-16123
In base 10, what is -1201841 - -3?
-1201838
In base 8, what is 2 + -2427?
-2425
In base 8, what is -145724 + -32?
-145756
In base 6, what is 201215 + 104?
201323
In base 15, what is 24c2 + -e9?
23c8
In base 7, what is 1 - -431052?
431053
In base 11, what is -50a - 96?
-5a5
In base 10, what is -99 + 952?
853
In base 10, what is -433825 - -4?
-433821
In base 7, what is 613354 - -21?
613405
In base 12, what is -2a66 + 35?
-2a31
In base 7, what is 3114665 + -4?
3114661
In base 16, what is -b - -162bf?
162b4
In base 12, what is 38331 - -1?
38332
In base 14, what is 4 + c260?
c264
In base 7, what is -306265 - -4?
-306261
In base 16, what is -1da - -588?
3ae
In base 6, what is -12315020 - 4?
-12315024
In base 7, what is -4040053 + -1?
-4040054
In base 5, what is -100400 + -3104?
-104004
In base 8, what is 3 + -1355056?
-1355053
In base 4, what is 22 - -23331?
30013
In base 8, what is 547 - 1676?
-1127
In base 6, what is -351545 + 0?
-351545
In base 15, what is -19b1 - -17?
-1999
In base 12, what is -6 + a818?
a812
In base 2, what is 1110100 + 10101011?
100011111
In base 4, what is -12 - -1123003130?
1123003112
In base 14, what is 2b - -3a?
67
In base 7, what is -106 - 34126?
-34235
In base 9, what is -3 - -130137?
130134
In base 16, what is 37179d + 4?
3717a1
In base 7, what is 2030 - 104?
1623
In base 3, what is 11 + 1211222212?
1212000000
In base 12, what is -5 - -105b9b?
105b96
In base 16, what is 793 - -77?
80a
In base 7, what is -4324546 + 3?
-4324543
In base 13, what is -13a81 - 1?
-13a82
In base 10, what is -12506 + -2?
-12508
In base 15, what is 302 + 156?
458
In base 4, what is 3111301 - 1022?
3110213
In base 12, what is 5089 - -122?
51ab
In base 5, what is 1244341 + 434?
1300330
In base 7, what is 55641 + 2?
55643
In base 15, what is 3 - -3a8e?
3a92
In base 12, what is -5 - 537b10?
-537b15
In base 2, what is -1000000111010111111101 + -11?
-1000000111011000000000
In base 10, what is 8 - 49450?
-49442
In base 6, what is -5 - 3314205?
-3314214
In base 15, what is 529 + 1e?
548
In base 13, what is 18a + 216?
3a3
In base 10, what is -2219 + -292?
-2511
In base 11, what is -2672 + 7a?
-25a3
In base 14, what is -a - 1d2?
-1dc
In base 14, what is -15 - 74b7?
-74cc
In base 12, what is -4132 - 39?
-416b
In base 8, what is 2062 + 437?
2521
In base 2, what is 0 - -1000010110011001110?
1000010110011001110
In base 7, what is -3465466 - -4?
-3465462
In base 6, what is 13211 + -150?
13021
In base 11, what is 4 - 79961?
-79958
In base 14, what is 7 - -152ba?
152c3
In base 10, what is 5 + -26648?
-26643
In base 15, what is -e9 - 8eb?
-9e5
In base 7, what is -1145 - 3201?
-4346
In base 15, what is -cc1 + -1?
-cc2
In base 12, what is a9 + 1228?
1315
In base 3, what is -101 - -1200022001?
1200021200
In base 2, what is 1000011001000100101 + 100?
1000011001000101001
In base 2, what is -1001111010 - -111?
-1001110011
In base 15, what is -c8 + -21c9?
-22a2
In base 10, what is -75139 - -3?
-75136
In base 2, what is -11 + -11111101111101001000?
-11111101111101001011
In base 16, what is -66 + -448?
-4ae
In b